 + (-102 - -112) - -6.
11
Calculate 4 + 3 - 6 - (2 + -1 + 6).
-6
Evaluate -1 - (-4 + 13 - (6 + 11) - -4).
3
What is the value of 11 - (10 + -2 - -12 - 11)?
2
-16 + 200 + -212 + (1 - -21)
-6
What is the value of 2 - (-13 - -4 - -2)?
9
Calculate 5 - (3 - 27) - (-7 - (3 - 4)).
35
Calculate -6 - (0 + 13 - 14).
-5
Evaluate 11 + -35 - (25 - 42).
-7
Calculate 5 + (-9 - -9 - 9 - -8).
4
-30 - (-2 + 0) - (-4 - 15 - -19)
-28
Calculate 3 - 1 - (-50 + 38).
14
What is 2 + -1 + 1 + -4?
-2
What is -31 + 26 - ((-9 - 1) + 3)?
2
Calculate -5 - (-3 + 17 + -9 - 8).
-2
What is the value of -18 + -2 + 12 + 1?
-7
0 + (-25 + 12 - -22) + (1 - 3)
7
What is (-7 - -2) + (79 - 88)?
-14
What is -2 - -2 - -4 - -12 - 3?
13
14 + -3 - ((-3 + -2 - 2) + 13)
5
(-2 - 0 - -1) + (7 - (-16 - -17))
5
What is 2 + ((2 - 0) + -1 - (-28 + 26))?
5
29 - 22 - (1 + -1 + 7) - 6
-6
Calculate (7 - 11) + 4 + (-4 - -4) + -13.
-13
What is the value of (32 + -20 - 23) + (7 - 1) - -18?
13
Evaluate 12 + 12 + -1 + -1 + -3.
19
Calculate 2 + -5 + (6 - (5 - (-4 - 1))).
-7
Calculate 1 - 22 - -11 - (-10 - -2) - 26.
-28
What is (33 - 41 - (3 - 27)) + -1?
15
What is the value of 0 - (2 - (22 + -20) - (0 + -6))?
-6
What is 3 - 0 - ((-1 - (-3 + -2)) + -12)?
11
Calculate 21 - (-7 + -11 - -60).
-21
Evaluate 8 - (-2 + 6 + 24 - 8).
-12
What is -19 + -8 + -8 + 6 - (-13 - -23)?
-39
Calculate 14 - (-18 + (14 - (-15 - -22))).
25
Calculate 4 + (3 + 0 + -23 - (1 + 1)).
-18
What is the value of 16 + -58 + 8 + 6 + 3?
-25
-6 + (-4 - -1) + 12
3
Calculate -19 - (-22 + 2 + 4 + 7).
-10
What is 14 - 7 - (6 + -14)?
15
Calculate 26 + -2 + 1 - (1319 - 1309).
15
Calculate 1 + -6 - (-53 - (13 - 74)).
-13
Evaluate -295 + 323 - (19 - 0).
9
(0 - -9) + -22 - -30
17
Evaluate -12 + 7 - 4 - (5 - (-1 + -3)).
-18
What is the value of 6 + -1 + -43 + 32?
-6
-18 + (16 + 7 - 15) + 1 + 1
-8
-14 + (-15 + 36 - 10)
-3
Evaluate 2 - (15 + (11 - 11)).
-13
4 + (-3 - (-9 + 8))
2
Calculate -5 + (-5 - -8) + 6 + 1.
5
What is the value of (-19 - -24) + -4 + 7?
8
What is the value of 6 + 10 + 9 + -1 + -5 + 5?
24
What is the value of (-29 - -28) + (-1 - (-14 + 5))?
7
What is (-8 - (0 + -10)) + -10 + 7?
-1
Calculate -18 + -12 + -3 + -15 + 61.
13
-18 - ((-7 - (4 - (5 + 6))) + -4)
-14
12 - 1 - (2 - -2)
7
Calculate -7 + 7 - (35 - 29).
-6
What is 2 + -10 + (-115 - -119)?
-4
(-3 - 0) + -2 + 5
0
What is the value of 7 + (0 - 1) + -7 + 0 + -4?
-5
What is -8 + (2 - -4) + (2 - -5 - 12)?
-7
What is -1 - -38 - (277 - 217)?
-23
What is the value of ((10 - 8) + -4 - (-8 - -7)) + -10?
-11
What is -22 + 0 - -27 - 9?
-4
What is 33 - (34 - (29 + -34))?
-6
Calculate 17 + -7 + 16 - 25.
1
What is the value of -24 + 16 - (0 - (-3 - -1)) - 1?
-11
Calculate (-23 - -27) + 11 - 21.
-6
What is the value of 3 - (0 + 9 - -2)?
-8
What is the value of -26 - (-4 - (-8 - -17))?
-13
Calculate -1 + 19 + (0 - 13).
5
Calculate 2 - (-4 + (-9 - 4 - -9)).
10
Calculate (334 - 312) + 0 + -30 + 1 + 2.
-5
3 + 1 + (15 - (1 + 17 + -9))
10
-10 - (8 + (-8 - 1) - 0)
-9
What is the value of -30 + 18 + 16 + -3?
1
Calculate -31 + 67 - 25 - 21.
-10
What is the value of 12 + 6 + 5 + -19?
4
What is the value of (-8 - (1 + -10)) + 10?
11
Evaluate -8 + (18 + -24 - (2 - 21)).
5
What is the value of -3 + 7 + (12 - (0 - -7))?
9
Evaluate -6 - (14 + 5 + -10 + -2 + -8).
-5
(3 - (1 - -7) - (8 - 14)) + -6
-5
What is the value of 11 + (-16 - -10) + 10 + (6 - 8)?
13
(14 - (24 + -10)) + -10
-10
(-24 - -11) + 21 + 1
9
2 + (2 - 3) + -6 + 11 + 6
12
What is (-7 - 0) + (42 - 34)?
1
Evaluate -4 + 10 + -35 + 21.
-8
Calculate -6 - (13 + 40 - 41).
-18
What is the value of -51 + 65 + (-1 + 0 - -3)?
16
Evaluate 13 - (-7 + 17) - 9 - 1.
-7
10 - (-1 - -4 - (-3 - 2)) - -1
3
What is 2 - ((7 - 11) + 6)?
0
What is 4 - (-77 + 72 - (1 - (2 + 0)))?
8
What is -10 - ((-6 - -2) + (-38 - -26))?
6
3 + 16 + (-9 - (0 + 1 + -4))
13
What is the value of -13 - (-20 + 0) - (-1 - 0)?
8
What is -8 + (8 - 5) + 7?
2
Calculate 4 + (-2 - 14 - 0).
-12
What is the value of -28 + (12 - (-6 - (6 - 13)))?
-17
Calculate (12 - (-14 + (6 - -10))) + 11.
21
-11 + -8 - (20 + -14 - 14)
-11
(-5 - (10 + -25)) + -3 + 5 + -9
3
(27 - 25) + (20 - 38)
-16
What is the value of -1 + 3 + (-37 + 17 - -36) + -14?
4
What is (-19 - -31 - (-3 - -12)) + -5 + -1?
-3
What is the value of (7 - 9) + 7 + -12 + -2?
-9
Evaluate 43 - 55 - -41 - 28.
1
Evaluate (-24 - -42) + -20 - -21.
19
Calculate -5 + (-7 + 6 - -1) - -3 - -3.
1
-2 + -5 + (8 - (-1 - 0))
2
Evaluate 17 - (19 - (20 - 3)).
15
-5 - -27 - 11 - 10
1
What is -39 + (-10 - -1 - -15) - -4?
-29
Evaluate 3 - (3 - 0 - -6) - (0 + 2).
-8
(16 - 25) + 4 + -3 - -19 - 33
-22
Evaluate (-357 - -377) + 1 + -5 - 25.
-9
Calculate 9 + -16 - ((6 - 13) + -4).
4
Calculate (15 - -3 - 16) + (-1 - -8).
9
(-10 - -3) + (2 - 2 - -1)
-6
3 - -3 - (4 - (-26 - -25))
1
What is the value of (-20 - -45) + -15 - -9?
19
Calculate 5 - (-17 - -8 - 0).
14
(1 - -4) + -3 + 6 + 11
19
-11 - 4 - ((-7 - -2) + 10 + -8)
-12
-3 - (-4 - -3 - -2) - (1 + -3)
-2
Calculate 5 - (-31 + 60) - (-13 - 0).
-11
What is (-1 - (7 + -9)) + -3 + 5 + -6?
-3
Evaluate 7 + -4 + -3 + -8 + -5 + 6.
-7
What is -12 - (-7 + (4 - (1 + 0)))?
-8
What is 27 + -20 - (1 + 7)?
-1
What is (-24 - (-13 + 16)) + 23?
-4
Evaluate 3 - (5 - (-19 - -19)).
-2
Calculate 3 - ((199 + -201 - (0 + 10)) + -14).
29
What is -2 + -9 - (-52 - -47) - (0 + 4)?
-10
Calculate -243 - -237 - (-9 - -1) - (-2 - 1).
5
(23 - (15 - 4)) + -3 + 8 + 3
20
What is the value of (5 - 0) + (0 + -5 - 10 - -14)?
4
Calculate (13 - (-4 - (-21 + 15))) + 5.
16
-19 - (-7 - -2 - ((21 - 28) + -1))
-22
1 - (100 + -83 - (-1 + 8))
-9
Calculate -20 + 15 + (0 - (-1 + 1 + 1)).
-6
What is 2 + 11 + (-5 - (12 + -10))?
6
What is (-1 - 24) + (-5 - -5 - -12)?
-13
What is 4 + 12 + 10 + (-17 - -5)?
14
-4 + -2 + 86 + -82 - (-22 - 1)
21
Evaluate (-6 - -7) + 5 - 13.
-7
Evaluate (9 + -36 - 9 - -16) + 4.
-16
Evaluate 7 + (-9 - (-13 + 9 - -6)).
-4
Calculate 1 + 11 + -27 + (3 - -4).
-8
17 - (5 + 14) - -13
11
Calculate -2 + 21 + 28 + -38.
9
What is the value of -407 + 409 - (-8 + 0 + 2 + -4)?
12
15 - (-7 - (1 - 7))
16
Evaluate -9 - (0 + 4 + (1 - 12)) - -1.
-1
What is the value of (-25 - 0) + (9 - (22 - 18))?
-20
Calculate (-73 + 55 - -34) + 5 + -2 + 2.
21
-4 + -18 + 6 + 11
-5
What is the value of -21 - (39 + (35 - 117))?
22
-6 + 10 - 1 - (-6 + 4 + -3)
8
Calculate 7 + 3 + -3 - 20 - (4 - 0).
-17
What is the value of -14 + (24 - 15 - 3)?
-8
-23 - (-2 + (-22 - -16))
-15
(0 - 1 - 41) + (148 - 132)
-26
Calculate 14 + 15 + (-45 - 1) - -19.
2
What is (-9 - ((10 - 26) + 6)) + -1 + 15?
15
Calculate -9 + -12 + -4 + 44.
19
-3 + -5 + 15 + -8 + -8
-9
Evaluate -28 + -7 + (6 - (-3 + 6)) - -10.
-22
0 + 0 + -2 - (284 - 283)
-3
What is 1 + -5 - (-227 - -240)?
-17
-24 + (58 - 26) + -1 + 0 - -3
10
Evaluate -4 - (-1 + -14 + (-35 - -42)).
4
Calculate -10 + -2 - (26 - 18) - -10.
-10
6 + 0 + 1 - (3 - 17 - -12)
9
Calculate (49 - (-29 + 57)) + -2.
19
What is the value of -28 + 19 - (-32 + 1 - (10 + -3))?
29
0 + (2 - (2 + (5 - 3)))
-2
Calculate (-2 - -3 - -6) + 0 - (81 - 59).
-15
What is the value of 17 + (-4 - 3) - 14 - 10?
-14
9 + (10 + -1 - (-20 - -24))
14
-17 + 10 + 11 + 7 + -2
9
12 - (29 - (28 + -11))
0
What is 10 - (-11 + (-3 - 7 - -11))?
20
Evaluate 4 - 2 - (-2 - -15 - (-21 - -40)).
8
7 + (12 + -23 - (-6 - 1))
3
What is 5 + -7 + 7 - ((-3 - 3) + 13)?
-2
What is the value of (-1 - 9) + (-2 - (3 - 9))?
-6
What is the value of 10 + -8 - (-2 + 14) - -5?
-5
-8 - 1 - (32 - (54 - 24))
-11
Calculate -19 + 0 + 18 - (1 - -19).
-21
What is -24 - (51 + -41 + -2 + -15)?
-17
Calculate -29 + 9 + -17 + 16.
-21
Evaluate 49 + -50 + (-5 - -8).
2
What is 1158 + -1159 + (-12 - (-1 - 0))?
-12
What is 12 + 12 + -26 + (-2 - -1) + 12?
9
What is the value of (132 - 139) + 0 + 4?
-3
Evaluate -2 + 0 + -9 + -3 + 5 - -4.
-5
What is the value of 0 + 11 + (-2 - 6)?
3
What is the value of 1 + (-18 - (-29 - -13))?
-1
Evaluate (0 - -2) + 11 + -4 + 6 + -3.
12
5 - -1 - ((0 - -26) + -192 + 175)
-3
Calculate 9 + -4 + -8 + 10 + 5 + -8.
4
What is the value of -2 - (-1 - -6 - 2)?
-5
1 + -30 - ((-36 - -25) + -4)
-14
Evaluate (45 + -58 - 0) + -1 + 43.
29
What is (6 - -16) + (-107 - -87)?
2
Evaluate 0 + -1 + 0 - (21 + -28).
6
What is -6 + (6 + (4 - 11) - -9) + 8?
10
Calculate -16 + 52 + -15 + (-4 - -10).
27
Calculate -3 + (2 - (-6 - 1) - 4).
2
Evaluate